alue of (-2 - -10) + -16 + (68 - (-6 + 16)) + 11?
61
What is the value of 89 + 1 + -2 + -65 + 166 + -112?
77
135 + -130 - (1 + -12) - -43
59
What is the value of 39 - (-5 - (-161 + 19) - -37)?
-135
Calculate (-131 - 0) + (-238 - -282) - (-16 - -1).
-72
What is the value of -520 - -474 - (64 - 0)?
-110
What is the value of (-20 - -15) + 7 + 8 + (15 - -8)?
33
What is -1 + -2 + (1086 - 1083) - (41 + 5)?
-46
What is (-110 - 3) + 104 - (-1 - 32)?
24
Calculate 3 - -3 - (-19 + 23 + -1 + -12).
15
Evaluate -9 + (19 - 42) + 53.
21
What is the value of 6 + 1 + 2 - ((45 - -3) + 9)?
-48
-29 + 1 + -21 + -542 + 667
76
What is -52 - (43 + 12 + -45 + -44)?
-18
Calculate -4 + (8 - -2) - (-18 - (-11 - -21)).
34
What is the value of -6 + (-69 - (-90 - 17))?
32
What is -4 + 8 + -127 + (-31 - (-98 - -52))?
-108
Calculate 53 + -38 + 18 + 17 + -2.
48
What is the value of 16 - (-17 - (-13 + -2 + (5 - 43)))?
-20
Calculate -3 + (-4 - (-42 - -20)) + -4.
11
111 + 15 + (91 - 162)
55
What is -10 + 1 - (-170 - -162) - -20?
19
What is 60 - ((18 - -7) + 18)?
17
Evaluate (2 - 4) + -17 + 2 + -2 + 57 + -48.
-10
(-34 - -8) + (21 + (-17 - -12) - 34)
-44
Evaluate 0 + (63 - 87) + -2 + 34.
8
What is -25 - (-34 + (53 - (-25 + 37)))?
-32
What is the value of (-186 - -210) + (3 - 33)?
-6
Evaluate (60 - 55) + (4 - (-4 + 11 + 55)).
-53
What is -2 + (-9 + (-16 - -35) - -16)?
24
What is (-2 - -21) + -141 + (183 - 82)?
-21
What is 1 - -1 - (-1405 + 1471)?
-64
17 - (-3 + 8) - (350 + -362)
24
What is 26 + 21 + 2 + -12 + -79?
-42
-73 - 10 - -76 - (2 - 58)
49
0 + (-3 - -7 - 2) - 12 - (1506 + -1594)
78
What is -6 - -14 - 38 - (15 - 1) - 3?
-47
What is the value of 130 + (49 - (61 + 70))?
48
Evaluate -40 + (34 - (22 + 1)) + -5 + 9.
-25
-2 - -39 - -5 - 77
-35
What is -47 + (5 - -40) - -19?
17
18 - (33 - 23) - (-1 + -46) - 14
41
((-2 - 8) + -7 - -12) + (49 - 10 - -3)
37
What is the value of 12 - ((-15 - -55 - 95) + (-1 - -14))?
54
Evaluate (-5 - (7 + -1 + (36 - 51))) + (-1 - -14).
17
What is -183 + (333 - 161) - ((40 - 2) + -2)?
-47
What is 10 - 11 - (13 - (-1 + 7 + -9 - -6))?
-11
What is -5 - (-2 + -12) - (-2 - (-17 - -7) - 57)?
58
(15 - 24) + (15 - -12 - -12) + 15
45
What is -12 - (-12 - -46 - (-1 + 15)) - (-4 - -1)?
-29
10 + (53 - 0) + -36
27
What is the value of 29 - ((-84 - -38) + 42)?
33
Evaluate (-14 + 29 - (-1 + -54)) + (2 - -3) + 11.
86
What is the value of (2 - (16 + -1)) + 7 + -2 + 16?
8
What is the value of (-96 - -96) + (-4 - -1)?
-3
What is (0 - (2 + (-1 - -68))) + 13 + (-23 - -18)?
-61
What is the value of 16 - (6 - (-19 + 44 - -1))?
36
Evaluate -22 + 19 + 80 + 2 + 4 + -35 + 25.
73
115279 + -115288 - ((0 - 2 - 100) + -1)
94
What is the value of -30 - (-21 + -5) - (45 + -3 - 0)?
-46
What is the value of -104 + 3 + 1 + (6 - -2) + -7 + 7?
-92
Evaluate (-80 + 120 - (16 - -3)) + -30.
-9
Evaluate (81 - -3) + -2 - 92.
-10
Calculate 0 + -6 + (-3 - (-6 - -2)) + (-337 - -390).
48
What is -47 + 57 + -44 - -88?
54
What is (-135 + 18 - -43) + 45?
-29
What is the value of -13 - (-19 + 63 + -10)?
-47
Calculate (-75 - -73) + -6 + 7 + -49 + -1.
-51
2 - (23 - (-7 + -14 - 22 - 6))
-70
What is 29 - (-53 - (-27 - 48))?
7
(2 - (39 + 0 - 13 - 14)) + 53
43
Evaluate (-57 - 31) + (-4 - ((1 - 2) + -1)) - -6.
-84
Evaluate -77 + (79 - 32 - -21).
-9
Calculate -15 + (15 - 34) + 2 + 19 - 15.
-28
(0 - 13) + 0 - (735 - 855 - (-48 - -1))
60
Evaluate (4 - 59) + -1091 + 1074.
-72
-20 - (-23 + -12 - -38) - 28
-51
What is the value of (-14 - (2 + -5)) + 1 + (-207 - (146 + -279))?
-84
What is the value of -7 + -19 + -6 + 30?
-2
77 + 20 + -3 + -77
17
-67 + (22 - (-30 - -38)) + (12 - -11)
-30
(-246 - -207 - (9 - 45)) + (-1 - 0)
-4
-15 + (17 - -18) - 41 - -3
-18
Calculate -450 + 598 + (-2 - (24 + 6 + -11)).
127
What is the value of 38 + 67 + -87 - -44?
62
Evaluate 1 + (0 - -84) - (-97 + (119 - 22)).
85
What is (-32649 - -32638) + (3 - 0) + -2 + -23?
-33
Evaluate -20 + 11 + -22 - -17 - -19.
5
-2 + (36 - 13) + -23 + -49
-51
Calculate (8 - 0) + (8 - 18 - -58) + -8.
48
Evaluate (-18 + 20 - (25 - -19)) + 1 + 5.
-36
Calculate 303 + -289 - (27 - -2).
-15
Calculate 71 - (110 - 21 - 49).
31
What is the value of (-33 + 75 - 48) + (-25 - 19)?
-50
What is (8 - ((27 - -85) + -30)) + 13?
-61
Calculate (-19 + -3 - -33) + (-6 - (11 + -5)).
-1
What is 78 + -155 + 108 + (-1 - 0) - 7?
23
What is -56 + 10 + 20 + (-18 - (-25 - -11))?
-30
What is the value of (-9 - -4) + -807 + 745?
-67
-1 + 54 + 126 + (-66 - 102)
11
What is (205 - 199) + (-43 - (-2 - (-6 - -2)))?
-39
Evaluate -1 - ((-11 - (-69 - -35)) + -58).
34
(11 - (-22 + 51)) + 39
21
-12 + 11 - 4 - (2 + (2 - -15)) - 4
-28
What is -2 + (8 - 7) - 34 - -5 - 3?
-33
What is -145 + 33 + (42 - 27) + (-2 - -18) + -2?
-83
Calculate (48 - (23 - -82)) + 72.
15
What is the value of 24 - 9 - (-91 - (19 + -69))?
56
What is the value of (66 - (-45 + 85)) + -3 - 38?
-15
What is -116 + 184 + -83 + (1 - 1)?
-15
What is the value of -1 + (-21 - (-33 - -45))?
-34
What is (2 - 53) + (-2 + 8 - ((4 - 3) + 6))?
-52
What is 1 + -26 - (-77 + 77 + 4) - 3?
-32
Calculate (-30 - 1) + (1872 - 1878).
-37
What is the value of -20 + (-6 + 70 + -18 - -6)?
32
What is 10 + -2 + 8 + -4 - (263 + -256) - 5?
0
What is the value of (-98 - -29) + -27 + -25 + 7 + -5?
-119
Calculate 20 + 54 - ((-11 - -5) + 15).
65
What is (-14 - -15) + (-11 - (-9 - -12)) + -51?
-64
Evaluate (-8 - (31 + -13) - -45) + (54 - 3).
70
What is the value of -101 + 101 + -15 - ((0 - 2) + -26) - 50?
-37
What is 38 + 16 + (-17 - -21 - 16)?
42
-1 - 87 - (-1 - -2 - (81 + (13 - 87)))
-82
What is 13 + (-31 - 32) + (5 - -1 - 25)?
-69
-9 + -22 + -45 - -32
-44
Calculate 90 + (-179 - -158) + (0 - -16 - -1).
86
Evaluate 37 - (43 - 5) - (-1 + 0 - (4 - 2)).
2
Evaluate -1 + (10 - (6 - -1)) - 31.
-29
Calculate (-1 - (7 + (5 - (3 + 17)))) + -3 + -6.
-2
What is the value of (-113 - -77) + 2 - -56?
22
Evaluate 2 - (3 + -6) - (63 + 17 + -9).
-66
(-3 - (-5 + 3) - 9) + (-267 - (-94 - 86))
-97
-5 + (76 - 85) + (0 - 3) + 18
1
-14 - (-117 + 99 - (-4 - 3 - 23))
-26
Calculate (-2325 - -2320) + -5 + -8.
-18
Evaluate -63 - (-72 - (27 + -39)).
-3
What is the value of -26 + -12 - (-50 + -36 - 60)?
108
What is the value of -9 - ((0 - 2 - -11) + (40 - 28)) - 1?
-31
What is the value of (-32 + -43 + 72 - -12) + (50 - 1)?
58
What is the value of -49 + 27 - 9 - -9?
-22
18 + 3 + (29 - 47) + 0
3
What is (-1137 - -1133) + (0 + 3 - -13)?
12
What is the value of 156 + (-35 - (-6 + -36 + (1 - -23)))?
139
What is -25 + (7 - (5 - 17)) - (-1 - 20)?
15
What is (-9 - (-12 - -12)) + (-21 - 0)?
-30
303 + -288 - (-12 - -2) - 141
-116
What is -888 + 881 + (3 - (-2 + 4)) + -28?
-34
418 + -292 + -9 + 3 + 10 + (-14 - 0)
116
Calculate (-3 + -26 + 0 + -3 - 1) + -5.
-38
Evaluate -85 + 0 + (11 + -16 - (0 + (-22 - -7))).
-75
What is -3921 + 3916 - (0 - -1 - (1 + -16))?
-21
What is 4 + 1 + 6 + (-9 + 0 + 9 - 2)?
9
Evaluate 3 - -3 - (-36 - (-50 + 21)) - -25.
38
Calculate 2 - 53 - (-10 - (7 + 0)).
-34
Calculate 5 + 13 + -9 - 18 - -62 - (-1 - -7).
47
(13 - 1 - (-154 - -56 - -85)) + -3
22
Calculate -64 - -75 - (-173 + 130).
54
-15 - (67 + -34) - -82
34
What is 23 + (-37 - -18) + (8 - 0) - (4 - 21)?
29
What is the value of -21 + (17 + -43 - (-2 - 4))?
-41
What is the value of (17 - 34) + (13 - -14)?
10
What is (-1 - (-1 + 1 + 6 + -10)) + -63?
-60
What is -1 + 14 + -74 + -34 + 78?
-17
-98 - (-45 - (-68 - -105))
-16
Calculate -120 - (-11 - (90 + -39 - 23)).
-81
-38 - (2 + -8 + (5 - 2) + -1) - 7
-41
What is the value of 33 + (-38 - -39 - 52) + -41?
-59
7 + -8 + (65 + 38 - (0 - -7)) - 6
89
What is 2 + 1 + 21 + -14 + (-119 - (-12 - 26))?
-71
Calculate -16 - (-12 + (-55 - -22)).
29
What is the value of 13 + 23 + -35 - 52?
-51
3 + (-109 - -3) - (-73 + 48 - -49)
-127
Calculate -274 - -174 - -26 - (15 + (-1 - 0)).
-88
Evaluate 75 - (117 - -3 - -18).
-63
What is (-16 - -2) + 12 - (-53 + (27 - -4))?
20
Evaluate 9 + 32 - (12 + (-2 - -8) + -5 + -9).
37
(150 - 185) + (4 - -16)
-15
What is the value of -75 + (407 - 137 - 95)?
100
Evaluate (-119 + 103 - (-8 - (4 + -1)) - -7) + 13.
15
What is 257 - (254 + -15) - (0 + 99 + 1)?
-82
What is the value of (21 + -15 - 25) + 8 + (-8 - 0) + 1?
-18
Evaluate 5 + (23 + 3 + -9 - 17).
5
What is -22 + -10 + 11 + -29?
-50
Evaluate 23 - (-19 + 17 + 0 + -8 + 3).
30
Calculate (3621 - 3649) + 0 + 0 + 1 + -15